. List the prime factors of s(64).
3, 47
Suppose 4*t = 5*t + 10. Let y(z) = -z**2 - 16*z - 4. Let o be y(t). Suppose o = 5*h - 54. What are the prime factors of h?
2, 11
Suppose 5*n - a - 17 = -0*a, 5*n - 5 = 5*a. Suppose 0*i + n*w = 2*i, 4*w + 8 = 0. Let f(x) = x**3 + 4*x**2 - 2*x - 4. What are the prime factors of f(i)?
2
Let s = -901 + 1259. List the prime factors of s.
2, 179
Suppose 783 - 2193 = -10*g. Let q = g + -80. What are the prime factors of q?
61
Let p(x) = -x**3 + 3*x**2 + x + 1. Let j be p(4). Let k = -15 - j. List the prime factors of (1 - 3)*6/k.
3
Let c(h) = h**2 + 13*h + 24. Let p be c(-14). Let x = p + 14. What are the prime factors of x?
2, 13
Let v be (-51)/(-12) - 4 - (-573)/(-4). Let n = 272 + v. List the prime factors of n.
3, 43
List the prime factors of (-18)/21*(-1663 - 10).
2, 3, 239
Suppose 20 = 4*v, 5*v - 6*v = -5*a + 6015. What are the prime factors of a?
2, 7, 43
Let f(s) = -68*s**3 + 2*s**2 + s. Let u be f(-1). Suppose 0 = -5*p + u + 131. List the prime factors of p.
2, 5
Let a(s) = 13*s. Let g be a(4). Suppose -g = 4*y + 5*b, 0*b + 44 = -5*y - b. What are the prime factors of y/(-6)*(-6)/(-4)?
2
List the prime factors of (5928/(-336) - (-6)/(-7))*-74.
37
Let a(d) = 20*d**2 + 27*d + 112. List the prime factors of a(-8).
2, 3, 7
Let s(u) = 11*u - 142. What are the prime factors of s(37)?
5, 53
Let i be (2/(-2))/((-3)/171). List the prime factors of -2*4/((-24)/i).
19
Let z(m) = -m**2 - 5*m + 17. Let c be z(-7). Suppose -5*w = -c*y + 178, -5*w = -5*y + 6*y - 26. What are the prime factors of y?
3, 17
Let z(w) = w**2 - 4*w - 27. Suppose 26 = 5*b + 66. List the prime factors of z(b).
3, 23
Let s = -71 - -428. List the prime factors of s.
3, 7, 17
Suppose 3*m - 92 = 4*q + 113, -2*m + 5*q = -146. List the prime factors of (3/21*-30)/((-3)/m).
2, 3, 5
Let x(g) = -g**3 + 16*g**2 + 25*g + 8. List the prime factors of x(16).
2, 3, 17
Let h be (0 - -1) + 12/3. Suppose k - h = 1. Let u(i) = i**2 + 2. List the prime factors of u(k).
2, 19
Let n = -20 + 18. What are the prime factors of 51*(24/9 + n)?
2, 17
Let u = 5298 + -3126. What are the prime factors of u?
2, 3, 181
Let b be 4/6 - (13424/6)/(-4). Suppose 0 = -2*k - 2*k + b. List the prime factors of k.
2, 5, 7
Suppose 0 = -2*o, -32*s - 3663 = -35*s - 5*o. What are the prime factors of s?
3, 11, 37
Suppose o = p - 9, 2*p + 0*o + 3*o = -2. Suppose -4*d - 12 = 0, -4*d - 831 = -p*s - 279. List the prime factors of s.
2, 3
Suppose 0*p + 1103 = 3*z + 2*p, -z + 2*p + 365 = 0. What are the prime factors of z?
367
Let f(u) = 14*u**2 + 6*u + 23. What are the prime factors of f(8)?
967
Let d(k) = -k**2 - 10*k - 12. Let y be d(-8). Suppose -y*j = j + 10, 0 = 5*c + j + 32. What are the prime factors of 1 + (c/(-3) - -13)?
2
Let g(z) = z**2 + 9*z + 16. Let t be g(-7). Suppose t*s - 7 = 3, -2*s + 2 = -4*f. Suppose -u = -3*c - 43, -f*u - c + 23 = -u. What are the prime factors of u?
2, 7
What are the prime factors of (-12)/(-8) + 4/((-8)/(-591))?
3, 11
Let w(d) = 432*d + 369. Let b(q) = 27*q + 23. Let k(f) = -33*b(f) + 2*w(f). What are the prime factors of k(-7)?
2, 3, 7
Let y = 52 + -9. Suppose 84 = 44*w - y*w. List the prime factors of w.
2, 3, 7
Let n = -7 + 22. Suppose -2*r + n = -r. Suppose c = -0*c + r. List the prime factors of c.
3, 5
Suppose 3*v = 3*n - 12, 9*v = 4*v + 4*n - 18. List the prime factors of (-2)/(-2) + (3 + v)*92.
3, 31
Let j(w) be the second derivative of w**3/3 + 23*w**2/2 - 2*w. Let c be j(-10). Suppose 2*r - 4*r + 117 = 3*p, c*p + 123 = 2*r. List the prime factors of r.
2, 3, 5
Let l(c) = 423*c**2 - c - 2. Let v be l(-1). Suppose -4*k = -174 - v. What are the prime factors of k?
149
Let l = -6040 + 8592. What are the prime factors of l?
2, 11, 29
Let c = 1194 - 808. What are the prime factors of c?
2, 193
Suppose -196*q - 4*t = -194*q - 3446, t + 1708 = q. What are the prime factors of q?
3, 571
Let v(x) = 2*x**3 - 4*x**2 + 5*x. List the prime factors of v(4).
2, 3, 7
Suppose -1300 = -4*l + 4600. What are the prime factors of l?
5, 59
Let u(i) be the first derivative of -7*i**3/3 + 2*i**2 - 2*i - 8. Let n be u(6). What are the prime factors of (4/(-10))/(2/n)?
2, 23
Let t be 49/4 - (-14)/(-56). What are the prime factors of 39 + 4/(t/(-9))?
2, 3
Suppose 37*c - 42357 = -3433. What are the prime factors of c?
2, 263
Let d(o) = o**2 + 5*o - 51. What are the prime factors of d(-31)?
5, 151
Let p(z) = 2*z**3 - z**2 - 11*z + 10. Let h be p(4). Let j = 89 - h. List the prime factors of j.
11
What are the prime factors of -10*((-2)/(-16) + 330/(-16))?
5, 41
Suppose -2*m = -16*m + 6608. What are the prime factors of m?
2, 59
List the prime factors of 4262/6 - (28/(-12))/(-7).
2, 5, 71
Suppose -f + 8421 = -1089. What are the prime factors of (-2)/(-8) + f/40?
2, 7, 17
Let n = -17 - -22. Suppose -n*x + 269 = -541. What are the prime factors of x?
2, 3
Suppose 3*z - 3 = 0, 0 = -7*s + 12*s - 3*z - 7857. What are the prime factors of s?
2, 3, 131
Suppose 8*o - 5*o = 1218. Suppose -m + 166 = m + 3*k, 3*k = -5*m + o. List the prime factors of m.
2, 5
Suppose -5*r + 2*r - 4*l - 186 = 0, 0 = 2*r + 3*l + 125. Let k be (-2)/((-1480)/368 - -4). Let o = k + r. List the prime factors of o.
2, 17
Let z = 19 + -15. Suppose 293 = s + 5*h, -s + 9*h + 253 = z*h. What are the prime factors of s?
3, 7, 13
List the prime factors of (-36)/42*-7 + 1 + 1604.
3, 179
Let f = 1492 + -887. Let o = f + -382. What are the prime factors of o?
223
Let q = 1763 - 1017. Suppose -4*t = 2*u - q, 3*u + 377 = 2*t + 8*u. What are the prime factors of t?
2, 3, 31
What are the prime factors of (-10)/3*(-6165)/10?
3, 5, 137
Let n = 52 + -70. Let x = n + 88. What are the prime factors of x?
2, 5, 7
Let h = 509 - 381. List the prime factors of h.
2
Let s(p) = -167*p - 33. List the prime factors of s(-8).
1303
Suppose 10 = 6*u - 2. Suppose -5*h = -4*a - 163, -a - 67 = -u*h - 0*h. What are the prime factors of h?
5, 7
Let l be ((-142)/10)/(14/5 - 3). Let g be (0 + -49 + -2)*1. Let c = l + g. What are the prime factors of c?
2, 5
Let v = -6 - -23. Let b(o) = 6*o + 22. Let d be b(v). Suppose 5*r - 315 = 2*j, -4*r + d = 4*j - 156. What are the prime factors of r?
5, 13
Suppose -5*q = -3*z - 11412 + 3380, z = 1. List the prime factors of q.
1607
Let l = 21 + -19. List the prime factors of 14/2*(0 + l).
2, 7
Suppose -6*a - a = -14. List the prime factors of a.
2
Let w(h) = h**3 + 13*h**2 + 8*h - 3. List the prime factors of w(-5).
157
Let v(n) = 2*n + 7. Let y be v(-5). Let g be 2/4*(y + 1). What are the prime factors of g + 4 - (-16 - 0)?
19
Let q(p) = p + 3. Let r(f) = -1. Let h(b) = q(b) + 3*r(b). Let j be h(4). Suppose 0 = j*n - 46 + 10. What are the prime factors of n?
3
Suppose 4*t - 7*t = -3, 4*t + 22 = 2*g. Suppose -g*u + 8*u = -895. List the prime factors of u.
179
Suppose 0 = -69*d - 10*d + 97644. What are the prime factors of d?
2, 3, 103
Let w be ((-133)/14)/((-4)/(-8)). Let n = 339 + w. List the prime factors of n.
2, 5
List the prime factors of (3 + 6)*5126/22.
3, 233
Let s(p) = 4*p - 3*p - 3*p + 4*p + 17. Let a be s(-7). Suppose d = 3*j + a*d - 43, 5*d = 2*j - 16. List the prime factors of j.
13
Let x(f) be the first derivative of f**4/4 - 5*f**3/3 - 3*f**2/2 - 13*f - 2. What are the prime factors of x(7)?
2
What are the prime factors of 39*((-610)/(-15) - 21/9)?
5, 13, 23
What are the prime factors of (6 + 235/(-15))*2*-24?
2, 29
Let x = -335 - -916. List the prime factors of x.
7, 83
Let u(g) = -182*g - 109. What are the prime factors of u(-9)?
11, 139
Let s(o) = 2*o**2 + 15*o + 8. Let v be s(-7). What are the prime factors of (v + -4)/((-8)/232)?
3, 29
Let b(o) = 7*o**2 + 79*o - 12. List the prime factors of b(-14).
2, 127
Suppose 2*y + 2*y - 20 = -4*w, 0 = -5*y + 4*w + 34. Suppose -3*i + y = -45. What are the prime factors of i?
17
Let b be 5/(-1 + -4)*5. What are the prime factors of 2/(6/(-1845)*b)?
3, 41
Let m(t) = -2*t**3 + t**2 + 8*t + 4. What are the prime factors of m(-5)?
239
Suppose 45*w - 12342 = 39*w. List the prime factors of w.
11, 17
Let h(y) = 26*y + 5. Let o be h(4). Let p = o + -67. List the prime factors of p.
2, 3, 7
Let g = 283 - -137. What are the prime factors of g?
2, 3, 5, 7
Suppose 4 = 5*i - 11, -2*i - 21 = 3*x. Let g be 1 - x/(-2 - -5). Suppose 0 = 4*s - g*k - 28, -4*k